{"id":14287,"date":"2023-07-06T10:01:12","date_gmt":"2023-07-06T10:01:12","guid":{"rendered":"https:\/\/www.galerieloft.com\/expositions\/vibrations\/"},"modified":"2026-04-01T10:03:24","modified_gmt":"2026-04-01T10:03:24","slug":"vibrations","status":"publish","type":"exhibition","link":"https:\/\/www.galerieloft.com\/en\/exhibitions\/vibrations\/","title":{"rendered":"Vibrations"},"content":{"rendered":"\n<p><br>Galerie Loft closes its doors from Tuesday August 1st! We wish you a good summer and will be very happy to see you again from Tuesday, September 5.<\/p>\n\n\n\n<p><em>Duo show with Mathias Bensimon &amp; Li\u00ean Ho\u00e0ng-Xu\u00e2n&#8221; still visible&nbsp;<u>until September 1<sup>st<\/sup>.<\/u><\/em><br><em>We wish you a nice summer!<\/em><\/p>\n\n\n\n<hr class=\"wp-block-separator has-alpha-channel-opacity\"\/>\n\n\n\n<p><em>At the beginning, there was nothing.&nbsp;<\/em><\/p>\n\n\n\n<p><em>Then, from the void, a spark emerged.<\/em><\/p>\n\n\n\n<p><em>From the unheard clamor that filled the space, matter was born, and light emerged. Particles formed and inhabited the space.&nbsp;<\/em><\/p>\n\n\n\n<p><em>The absolute blackness began to lighten and started to twinkle.&nbsp;<\/em><\/p>\n\n\n\n<p><em>Life appeared from the depths of the night and dispersed, vibrant and intense, to create the universe.&nbsp;<\/em><\/p>\n\n\n\n<p><em>At dawn, serene, it spread over the newly born world and illuminated it with great tenderness, bathing it in a new aura.&nbsp;<\/em><\/p>\n\n\n\n<p><em>But life, ever more voracious, multiplied and transformed itself.&nbsp;<\/em><\/p>\n\n\n\n<p><em>It took a thousand forms: plants, animals, humans, and machines, each in its own way, desiring to consume its existence. To the rhythm of beating hearts, Vibrations turned into palpitations. The peak of effervescence now invaded every day and every night, before the promise of a new dawn\u2026<\/em><\/p>\n\n\n\n<p><\/p>\n\n\n\n<p>On the occasion of the event &#8220;\u00e0 premi\u00e8re vue,&#8221; which offers the galleries of Saint-Germain-des-Pr\u00e9s the opportunity to exhibit the young graduates of the Beaux-Arts de Paris during the summer, Galerie LOFT has chosen to showcase the works of two artists who graduated in 2022. Their works, stemming from two unique and personal universes, engage in a perfect dialogue around the notion of vibration.&nbsp;<\/p>\n\n\n\n<p>The artistic creations of Mathias Bensimon, characterized by a profound and spiritual exploration of light, conveyed through subtle and ethereal color palettes, converge with the powerful and contrasting presence found in Li\u00ean Ho\u00e0ng-Xu\u00e2n&#8217;s artworks. Li\u00ean&#8217;s pieces feature bold applications of black, red, and gold, which instill the raw and unexpected essence of our daily existence. This juxtaposition of artistic styles engenders a unique, potent, and electric atmosphere, establishing a captivating ambiance.<\/p>\n\n\n\n<hr class=\"wp-block-separator has-alpha-channel-opacity\"\/>\n\n\n\n<p><strong>Opening reception with the artists<\/strong>: Tuesday, July 11th at 6:00 PM (Departure in front of Natalie Seroussi Gallery at 34 Rue de Seine)<\/p>\n\n\n\n<p>Introduced in 2022, the <strong>JDBA &#8211; CPGA Prize<\/strong> rewards an artist from the &#8220;\u00c0 premi\u00e8re vue&#8221; exhibition. The laureate will be selected on the day of the exhibition&#8217;s opening reception by a jury of art professionals.<\/p>\n\n\n\n<p><a href=\"https:\/\/www.lejeudidesbeauxarts.com\/actualit%C3%A9\">Click here for more information.<\/a><\/p>\n\n\n\n<figure class=\"wp-block-image size-full\"><a href=\"https:\/\/www.galerieloft.com\/media\/uploads\/2023\/07\/dossier-de-presse-A-PREMIERE-VUE-2023-3.jpg\"><img loading=\"lazy\" decoding=\"async\" width=\"744\" height=\"1000\" src=\"https:\/\/www.galerieloft.com\/media\/uploads\/2023\/07\/dossier-de-presse-A-PREMIERE-VUE-2023-3.jpg\" alt=\"\" class=\"wp-image-14325\" srcset=\"https:\/\/www.galerieloft.com\/media\/uploads\/2023\/07\/dossier-de-presse-A-PREMIERE-VUE-2023-3.jpg 744w, https:\/\/www.galerieloft.com\/media\/uploads\/2023\/07\/dossier-de-presse-A-PREMIERE-VUE-2023-3-223x300.jpg 223w, https:\/\/www.galerieloft.com\/media\/uploads\/2023\/07\/dossier-de-presse-A-PREMIERE-VUE-2023-3-300x403.jpg 300w\" sizes=\"auto, (max-width: 744px) 100vw, 744px\" \/><\/a><\/figure>\n","protected":false},"excerpt":{"rendered":"<p>Galerie Loft closes its doors from Tuesday August 1st! We wish you a good summer and will be very happy to see you again from Tuesday, September 5.<\/p>\n<p>Duo show with Mathias Bensimon &#038; Li\u00ean Ho\u00e0ng-Xu\u00e2n&#8221; still visible\u00a0until September 1st.<br \/>\n&#8211;<br \/>\nOn the occasion of the event &#8220;\u00e0 premi\u00e8re vue,&#8221; which offers the galleries of Saint-Germain-des-Pr\u00e9s the opportunity to exhibit the young graduates of the Beaux-Arts de Paris during the summer, Galerie LOFT has chosen to showcase the works of two artists who graduated in 2022. Their works, stemming from two unique and personal universes, engage in a perfect dialogue around the notion of vibration.\u00a0<\/p>\n","protected":false},"featured_media":14293,"template":"","class_list":["post-14287","exhibition","type-exhibition","status-publish","has-post-thumbnail","hentry"],"_links":{"self":[{"href":"https:\/\/www.galerieloft.com\/en\/wp-json\/wp\/v2\/exhibition\/14287","targetHints":{"allow":["GET"]}}],"collection":[{"href":"https:\/\/www.galerieloft.com\/en\/wp-json\/wp\/v2\/exhibition"}],"about":[{"href":"https:\/\/www.galerieloft.com\/en\/wp-json\/wp\/v2\/types\/exhibition"}],"wp:featuredmedia":[{"embeddable":true,"href":"https:\/\/www.galerieloft.com\/en\/wp-json\/wp\/v2\/media\/14293"}],"wp:attachment":[{"href":"https:\/\/www.galerieloft.com\/en\/wp-json\/wp\/v2\/media?parent=14287"}],"curies":[{"name":"wp","href":"https:\/\/api.w.org\/{rel}","templated":true}]}}

<p><br>Galerie Loft closes its doors from Tuesday August 1st! We wish you a good summer and will be very happy to see you again from Tuesday, September 5.</p>



<p><em>Duo show with Mathias Bensimon &amp; Liên Hoàng-Xuân&#8221; still visible&nbsp;<u>until September 1<sup>st</sup>.</u></em><br><em>We wish you a nice summer!</em></p>



<hr class="wp-block-separator has-alpha-channel-opacity"/>



<p><em>At the beginning, there was nothing.&nbsp;</em></p>



<p><em>Then, from the void, a spark emerged.</em></p>



<p><em>From the unheard clamor that filled the space, matter was born, and light emerged. Particles formed and inhabited the space.&nbsp;</em></p>



<p><em>The absolute blackness began to lighten and started to twinkle.&nbsp;</em></p>



<p><em>Life appeared from the depths of the night and dispersed, vibrant and intense, to create the universe.&nbsp;</em></p>



<p><em>At dawn, serene, it spread over the newly born world and illuminated it with great tenderness, bathing it in a new aura.&nbsp;</em></p>



<p><em>But life, ever more voracious, multiplied and transformed itself.&nbsp;</em></p>



<p><em>It took a thousand forms: plants, animals, humans, and machines, each in its own way, desiring to consume its existence. To the rhythm of beating hearts, Vibrations turned into palpitations. The peak of effervescence now invaded every day and every night, before the promise of a new dawn…</em></p>



<p></p>



<p>On the occasion of the event &#8220;à première vue,&#8221; which offers the galleries of Saint-Germain-des-Prés the opportunity to exhibit the young graduates of the Beaux-Arts de Paris during the summer, Galerie LOFT has chosen to showcase the works of two artists who graduated in 2022. Their works, stemming from two unique and personal universes, engage in a perfect dialogue around the notion of vibration.&nbsp;</p>



<p>The artistic creations of Mathias Bensimon, characterized by a profound and spiritual exploration of light, conveyed through subtle and ethereal color palettes, converge with the powerful and contrasting presence found in Liên Hoàng-Xuân&#8217;s artworks. Liên&#8217;s pieces feature bold applications of black, red, and gold, which instill the raw and unexpected essence of our daily existence. This juxtaposition of artistic styles engenders a unique, potent, and electric atmosphere, establishing a captivating ambiance.</p>



<hr class="wp-block-separator has-alpha-channel-opacity"/>



<p><strong>Opening reception with the artists</strong>: Tuesday, July 11th at 6:00 PM (Departure in front of Natalie Seroussi Gallery at 34 Rue de Seine)</p>



<p>Introduced in 2022, the <strong>JDBA &#8211; CPGA Prize</strong> rewards an artist from the &#8220;À première vue&#8221; exhibition. The laureate will be selected on the day of the exhibition&#8217;s opening reception by a jury of art professionals.</p>



<p><a href="https://www.lejeudidesbeauxarts.com/actualit%C3%A9">Click here for more information.</a></p>



<figure class="wp-block-image size-full"><a href="https://www.galerieloft.com/media/uploads/2023/07/dossier-de-presse-A-PREMIERE-VUE-2023-3.jpg"><img loading="lazy" decoding="async" width="744" height="1000" src="https://www.galerieloft.com/media/uploads/2023/07/dossier-de-presse-A-PREMIERE-VUE-2023-3.jpg" alt="" class="wp-image-14325" srcset="https://www.galerieloft.com/media/uploads/2023/07/dossier-de-presse-A-PREMIERE-VUE-2023-3.jpg 744w, https://www.galerieloft.com/media/uploads/2023/07/dossier-de-presse-A-PREMIERE-VUE-2023-3-223x300.jpg 223w, https://www.galerieloft.com/media/uploads/2023/07/dossier-de-presse-A-PREMIERE-VUE-2023-3-300x403.jpg 300w" sizes="auto, (max-width: 744px) 100vw, 744px" /></a></figure>

<p>Galerie Loft closes its doors from Tuesday August 1st! We wish you a good summer and will be very happy to see you again from Tuesday, September 5.</p>
<p>Duo show with Mathias Bensimon &#038; Liên Hoàng-Xuân&#8221; still visible until September 1st.<br />
&#8211;<br />
On the occasion of the event &#8220;à première vue,&#8221; which offers the galleries of Saint-Germain-des-Prés the opportunity to exhibit the young graduates of the Beaux-Arts de Paris during the summer, Galerie LOFT has chosen to showcase the works of two artists who graduated in 2022. Their works, stemming from two unique and personal universes, engage in a perfect dialogue around the notion of vibration. </p>
