{"id":16346,"date":"2025-06-13T14:17:46","date_gmt":"2025-06-13T14:17:46","guid":{"rendered":"https:\/\/www.galerieloft.com\/expositions\/monumental-inauguration-du-jardin-de-sculpturesmonumental\/"},"modified":"2025-09-10T16:43:12","modified_gmt":"2025-09-10T16:43:12","slug":"monumental-inauguration-du-jardin-de-sculpturesmonumental","status":"publish","type":"exhibition","link":"https:\/\/www.galerieloft.com\/en\/exhibitions\/monumental-inauguration-du-jardin-de-sculpturesmonumental\/","title":{"rendered":"Monumental \u2022 Inauguration of sculpture garden"},"content":{"rendered":"\n<p>Jean-Fran\u00e7ois Roudillon and the entire LOFT Gallery team are pleased to invite you to the inauguration of the Sculpture Garden.<\/p>\n\n\n\n<p>Friday, July 4, 2025 \u2022 3 pm \u2013 6 pm<br>Saturday, July 5, 2025 \u2022 2 pm \u2013 7 pm<br>4 pm Speech and presentation followed by a cocktail reception<br>LIVE painting by K\u00e9vin-Ademola Sangosanya<\/p>\n\n\n\n<p>In Fourges (27630) <br>15 km from Giverny <\/p>\n\n\n\n<p>Featuring works by JEAN BRILLANT, C\u00c9SAR, MAURO CORDA, PHILIPPE DRUILLET, PARVINE CURIE, MARINO DI TEANA, LA FRATRIE, QUENTIN GAREL, PHILIPPE HIQUILY, DANIEL HOURD\u00c9, CHRISTOS KALFAS, WANG KEPING, S\u00c9BASTIEN KITO, SHENGQI KONG, SOL LEWITT, LI LIHONG, YAZID OULAB, GUILLAUME PI\u00c9CHAUD, BERNARD QUENTIN, RICHARD TEXIER, MUN-GI YANG \u2026<\/p>\n\n\n\n<hr class=\"wp-block-separator has-alpha-channel-opacity\"\/>\n\n\n\n<p>On the occasion of its<strong> 40th anniversary,<\/strong> Galerie LOFT is delighted to<strong> inaugurate its MONUMENTAL Sculpture Garden <\/strong>\u2014 a space dedicated to monumental art, nestled in the heart of nature. This project celebrates four decades of passionate commitment to sculpture, through the promotion of major 20th-century artists and contemporary talents.<\/p>\n\n\n\n<p>Since the 2000s, Galerie LOFT has stood out on the international scene with emblematic projects such as <em>Les Champs de la Sculpture<\/em> on the Champs-\u00c9lys\u00e9es in Paris, the sculpture park at the Al Maaden Golf Resort in Morocco (featuring works by Antonio Segu\u00ed, Philippe Hiquily, Yazid Oulab, Wang Keping, Sunil Gawde, Daniel Hourd\u00e9, and Claude Gilli), and the Shanghai World Expo, where the permanent installation of Philippe Hiquily\u2019s 12-meter-high <em>Weather Vanes<\/em> left a lasting impression.<\/p>\n\n\n\n<p>Nearly twelve years of work have also been devoted to the creation of the Catalogue Raisonn\u00e9 for two major artists: <strong>Philippe Hiquily <\/strong>and <strong>Francesco Marino Di Teana<\/strong> \u2014 now essential references for collectors and art enthusiasts.<\/p>\n\n\n\n<p>Remaining true to its mission of supporting contemporary creation, Galerie LOFT continues its exploration of the monumental alongside artists such as Parvine Curie, S\u00e9bastien Kito, Quentin Garel, La Fratrie, Bernard Quentin, Mauro Corda, Kong Shengqi, Philippe Druillet and Yazid Oulab. This new Sculpture Garden extends that vision, offering a moving immersion into the power and poetry of art in dialogue with nature.<\/p>\n\n\n\n<hr class=\"wp-block-separator has-alpha-channel-opacity\"\/>\n\n\n\n<p><\/p>\n\n\n\n<p>RSVP <br>Email: com@galerieloft.com and 0146331890 for any information<\/p>\n","protected":false},"excerpt":{"rendered":"<p>On the occasion of its 40th anniversary, Galerie LOFT is delighted to inaugurate its MONUMENTAL Sculpture Garden \u2014 a space dedicated to monumental art, nestled in the heart of nature. This project celebrates four decades of passionate commitment to sculpture, through the promotion of major 20th-century artists and contemporary talents. <\/p>\n","protected":false},"featured_media":16345,"template":"","class_list":["post-16346","exhibition","type-exhibition","status-publish","has-post-thumbnail","hentry"],"_links":{"self":[{"href":"https:\/\/www.galerieloft.com\/en\/wp-json\/wp\/v2\/exhibition\/16346","targetHints":{"allow":["GET"]}}],"collection":[{"href":"https:\/\/www.galerieloft.com\/en\/wp-json\/wp\/v2\/exhibition"}],"about":[{"href":"https:\/\/www.galerieloft.com\/en\/wp-json\/wp\/v2\/types\/exhibition"}],"wp:featuredmedia":[{"embeddable":true,"href":"https:\/\/www.galerieloft.com\/en\/wp-json\/wp\/v2\/media\/16345"}],"wp:attachment":[{"href":"https:\/\/www.galerieloft.com\/en\/wp-json\/wp\/v2\/media?parent=16346"}],"curies":[{"name":"wp","href":"https:\/\/api.w.org\/{rel}","templated":true}]}}

<p>Jean-François Roudillon and the entire LOFT Gallery team are pleased to invite you to the inauguration of the Sculpture Garden.</p>



<p>Friday, July 4, 2025 • 3 pm – 6 pm<br>Saturday, July 5, 2025 • 2 pm – 7 pm<br>4 pm Speech and presentation followed by a cocktail reception<br>LIVE painting by Kévin-Ademola Sangosanya</p>



<p>In Fourges (27630) <br>15 km from Giverny </p>



<p>Featuring works by JEAN BRILLANT, CÉSAR, MAURO CORDA, PHILIPPE DRUILLET, PARVINE CURIE, MARINO DI TEANA, LA FRATRIE, QUENTIN GAREL, PHILIPPE HIQUILY, DANIEL HOURDÉ, CHRISTOS KALFAS, WANG KEPING, SÉBASTIEN KITO, SHENGQI KONG, SOL LEWITT, LI LIHONG, YAZID OULAB, GUILLAUME PIÉCHAUD, BERNARD QUENTIN, RICHARD TEXIER, MUN-GI YANG …</p>



<hr class="wp-block-separator has-alpha-channel-opacity"/>



<p>On the occasion of its<strong> 40th anniversary,</strong> Galerie LOFT is delighted to<strong> inaugurate its MONUMENTAL Sculpture Garden </strong>— a space dedicated to monumental art, nestled in the heart of nature. This project celebrates four decades of passionate commitment to sculpture, through the promotion of major 20th-century artists and contemporary talents.</p>



<p>Since the 2000s, Galerie LOFT has stood out on the international scene with emblematic projects such as <em>Les Champs de la Sculpture</em> on the Champs-Élysées in Paris, the sculpture park at the Al Maaden Golf Resort in Morocco (featuring works by Antonio Seguí, Philippe Hiquily, Yazid Oulab, Wang Keping, Sunil Gawde, Daniel Hourdé, and Claude Gilli), and the Shanghai World Expo, where the permanent installation of Philippe Hiquily’s 12-meter-high <em>Weather Vanes</em> left a lasting impression.</p>



<p>Nearly twelve years of work have also been devoted to the creation of the Catalogue Raisonné for two major artists: <strong>Philippe Hiquily </strong>and <strong>Francesco Marino Di Teana</strong> — now essential references for collectors and art enthusiasts.</p>



<p>Remaining true to its mission of supporting contemporary creation, Galerie LOFT continues its exploration of the monumental alongside artists such as Parvine Curie, Sébastien Kito, Quentin Garel, La Fratrie, Bernard Quentin, Mauro Corda, Kong Shengqi, Philippe Druillet and Yazid Oulab. This new Sculpture Garden extends that vision, offering a moving immersion into the power and poetry of art in dialogue with nature.</p>



<hr class="wp-block-separator has-alpha-channel-opacity"/>



<p></p>



<p>RSVP <br>Email: com@galerieloft.com and 0146331890 for any information</p>
