{"id":5563,"date":"2015-05-13T16:00:17","date_gmt":"2015-05-13T16:00:17","guid":{"rendered":"https:\/\/www.galerieloft.com\/exhibition\/peintures-parietales-jerome-mesnager-17-sept-1993-2\/"},"modified":"2026-03-31T15:01:05","modified_gmt":"2026-03-31T15:01:05","slug":"peintures-parietales-jerome-mesnager-17-sept-1993","status":"publish","type":"exhibition","link":"https:\/\/www.galerieloft.com\/en\/exhibitions\/peintures-parietales-jerome-mesnager-17-sept-1993\/","title":{"rendered":"Cave paintings &#8211; J\u00e9r\u00f4me Mesnager"},"content":{"rendered":"<p>Galerie Loft takes part in J\u00e9r\u00f4me Mesnager&#8217;s exhibition at the Tumulus Museum of Bougon.<\/p>\n","protected":false},"excerpt":{"rendered":"<p>Galerie Loft takes part in J\u00e9r\u00f4me Mesnager&#8217;s exhibition at the Tumulus Museum of Bougon.<\/p>\n","protected":false},"featured_media":0,"template":"","class_list":["post-5563","exhibition","type-exhibition","status-publish","hentry"],"_links":{"self":[{"href":"https:\/\/www.galerieloft.com\/en\/wp-json\/wp\/v2\/exhibition\/5563","targetHints":{"allow":["GET"]}}],"collection":[{"href":"https:\/\/www.galerieloft.com\/en\/wp-json\/wp\/v2\/exhibition"}],"about":[{"href":"https:\/\/www.galerieloft.com\/en\/wp-json\/wp\/v2\/types\/exhibition"}],"wp:attachment":[{"href":"https:\/\/www.galerieloft.com\/en\/wp-json\/wp\/v2\/media?parent=5563"}],"curies":[{"name":"wp","href":"https:\/\/api.w.org\/{rel}","templated":true}]}}

Cave paintings &#8211; Jérôme Mesnager

<p>Galerie Loft takes part in Jérôme Mesnager&#8217;s exhibition at the Tumulus Museum of Bougon.</p>
