{"id":15473,"date":"2024-06-28T09:33:32","date_gmt":"2024-06-28T09:33:32","guid":{"rendered":"https:\/\/www.galerieloft.com\/?post_type=product&#038;p=15473"},"modified":"2024-06-28T09:35:33","modified_gmt":"2024-06-28T09:35:33","slug":"aube-francesco-marino-di-teana","status":"publish","type":"product","link":"https:\/\/www.galerieloft.com\/en\/produits\/aube-francesco-marino-di-teana\/","title":{"rendered":"Aube H.250cm"},"content":{"rendered":"<p>From the 1960s, Marino di Teana began a real work of exploration around the shape of the circle. He initially endeavored to break them down before creating the sculpture \u201cAube\u201d in 1977, the most telling example of his tri-unitarian theory \u201c1 + 1 = 3\u201d. In this work, which marks a real plastic and aesthetic maturity of the artist, the energies are concentrated to the maximum, crystallized in the heart of a space charged with all the density and power of the composition.<\/p>\n<p>Like the sunrise it evokes, it traces a ray of light, a hyphen linking sky and earth, lines and masses, voids and solids. Having become an iconic sculpture by the artist, it was produced in several sizes.<\/p>\n<p>&nbsp;<\/p>\n<blockquote>\n<p style=\"text-align: left;\">\u201cThis work is the most perfect and harmonious form created by Marino di Teana. The balance established here between mass and space is incomparable: we see the effect produced by two halves close together but not face to face, separated by a space which, in their interval, becomes geometric, shapeless and timeless because the shape is given to it by the contrast of the opposing masses\u201d.<\/p>\n<p style=\"text-align: right;\">Tom\u00e1s Alva Negri, in Marino di Teana, ed. by Arte Gaglione, Buenos Aires, 1987.<\/p>\n<\/blockquote>\n<p><span style=\"font-size: 14px; -webkit-text-size-adjust: 100%;\">Cachet de l&#8217;artiste, dat\u00e9 et num\u00e9rot\u00e9 au dos &#8220;1977-81&#8221;<\/span><br \/>\nEdition de 8 exemplaires + 4 E.A.<br \/>\nCette oeuvre a \u00e9t\u00e9 \u00e9dit\u00e9e en 1995<\/p>\n<p>&nbsp;<\/p>\n<h3>Expositions :<\/h3>\n<p>Collioure, Ch\u00e2teau Royal, &#8220;Exposition internationale de sculpture contemporaine&#8221;, mars-octobre 1986, reproduit en couleur p.81 (a\u00a0similar copy)<br \/>\nIxelles (Belgique), Mus\u00e9e d&#8217;Ixelles, &#8220;Amado Coulentianos &#8211; Jeanclos &#8211; Marino di Teana &#8211; Philippe Seguin, sculpteurs de France&#8221;, f\u00e9vrier-avril 1987, reproduit en noir et blanc sous le n\u00b012 (a\u00a0similar copy)<br \/>\nSaarbr\u00fccken (Allemagne), Galerie moderne du mus\u00e9e de Saare, &#8220;Francesco Marino di Teana, plastiken 1955-1985, tableaux et mod\u00e8les d&#8217;architecture&#8221;, 1987, reproduit en noir et blanc pp. 150-151(a\u00a0similar copy)<br \/>\nParis, Galerie Artcurial, &#8220;Marino di Teana, sculptures 1960-1987&#8221;, mars-avril 1988, Artcurial, Paris, reproduit en noir et blanc p.13 (a\u00a0similar copy)<br \/>\nNeuch\u00e2tel, Galerie des amis des arts, &#8220;Salon du 150e anniversaire de la soci\u00e9t\u00e9 des amis des arts&#8221;, novembre 1992-janvier 1993, reproduit en couleur p.55 (a\u00a0similar copy)<br \/>\nParis, Grand Palais, ArtParis, Galerie Mich\u00e8le Broutta, &#8220;Marino Di Teana, peintures, dessins, sculptures&#8221;, mars-avril 2007 (a\u00a0similar copy)<\/p>\n","protected":false},"excerpt":{"rendered":"<p>From the 1960s, Marino di Teana began a real work of exploration around the shape of the circle. He initially endeavored to break them down before creating the sculpture \u201cAube\u201d in 1977, the most telling example of his tri-unitarian theory \u201c1 + 1 = 3\u201d. In this work, which marks a real plastic and aesthetic &hellip; <a href=\"https:\/\/www.galerieloft.com\/en\/produits\/aube-francesco-marino-di-teana\/\">Continued<\/a><\/p>\n","protected":false},"featured_media":15426,"comment_status":"closed","ping_status":"closed","template":"","meta":[],"product_brand":[],"product_cat":[695],"product_tag":[],"class_list":{"0":"post-15473","1":"product","2":"type-product","3":"status-publish","4":"has-post-thumbnail","6":"product_cat-monumental-sculpture","7":"product_shipping_class-c-sculpture-design-objet-grand-format-fr-fr-fr-en","8":"pa_annee-1977-81-en","9":"pa_materiaux-acier-corten-en","11":"first","12":"instock","13":"taxable","14":"shipping-taxable","15":"product-type-simple"},"_links":{"self":[{"href":"https:\/\/www.galerieloft.com\/en\/wp-json\/wp\/v2\/product\/15473","targetHints":{"allow":["GET"]}}],"collection":[{"href":"https:\/\/www.galerieloft.com\/en\/wp-json\/wp\/v2\/product"}],"about":[{"href":"https:\/\/www.galerieloft.com\/en\/wp-json\/wp\/v2\/types\/product"}],"replies":[{"embeddable":true,"href":"https:\/\/www.galerieloft.com\/en\/wp-json\/wp\/v2\/comments?post=15473"}],"wp:featuredmedia":[{"embeddable":true,"href":"https:\/\/www.galerieloft.com\/en\/wp-json\/wp\/v2\/media\/15426"}],"wp:attachment":[{"href":"https:\/\/www.galerieloft.com\/en\/wp-json\/wp\/v2\/media?parent=15473"}],"wp:term":[{"taxonomy":"product_brand","embeddable":true,"href":"https:\/\/www.galerieloft.com\/en\/wp-json\/wp\/v2\/product_brand?post=15473"},{"taxonomy":"product_cat","embeddable":true,"href":"https:\/\/www.galerieloft.com\/en\/wp-json\/wp\/v2\/product_cat?post=15473"},{"taxonomy":"product_tag","embeddable":true,"href":"https:\/\/www.galerieloft.com\/en\/wp-json\/wp\/v2\/product_tag?post=15473"}],"curies":[{"name":"wp","href":"https:\/\/api.w.org\/{rel}","templated":true}]}}

<p>From the 1960s, Marino di Teana began a real work of exploration around the shape of the circle. He initially endeavored to break them down before creating the sculpture “Aube” in 1977, the most telling example of his tri-unitarian theory “1 + 1 = 3”. In this work, which marks a real plastic and aesthetic maturity of the artist, the energies are concentrated to the maximum, crystallized in the heart of a space charged with all the density and power of the composition.</p>
<p>Like the sunrise it evokes, it traces a ray of light, a hyphen linking sky and earth, lines and masses, voids and solids. Having become an iconic sculpture by the artist, it was produced in several sizes.</p>
<p>&nbsp;</p>
<blockquote>
<p style="text-align: left;">“This work is the most perfect and harmonious form created by Marino di Teana. The balance established here between mass and space is incomparable: we see the effect produced by two halves close together but not face to face, separated by a space which, in their interval, becomes geometric, shapeless and timeless because the shape is given to it by the contrast of the opposing masses”.</p>
<p style="text-align: right;">Tomás Alva Negri, in Marino di Teana, ed. by Arte Gaglione, Buenos Aires, 1987.</p>
</blockquote>
<p><span style="font-size: 14px; -webkit-text-size-adjust: 100%;">Cachet de l&#8217;artiste, daté et numéroté au dos &#8220;1977-81&#8221;</span><br />
Edition de 8 exemplaires + 4 E.A.<br />
Cette oeuvre a été éditée en 1995</p>
<p>&nbsp;</p>
<h3>Expositions :</h3>
<p>Collioure, Château Royal, &#8220;Exposition internationale de sculpture contemporaine&#8221;, mars-octobre 1986, reproduit en couleur p.81 (a similar copy)<br />
Ixelles (Belgique), Musée d&#8217;Ixelles, &#8220;Amado Coulentianos &#8211; Jeanclos &#8211; Marino di Teana &#8211; Philippe Seguin, sculpteurs de France&#8221;, février-avril 1987, reproduit en noir et blanc sous le n°12 (a similar copy)<br />
Saarbrücken (Allemagne), Galerie moderne du musée de Saare, &#8220;Francesco Marino di Teana, plastiken 1955-1985, tableaux et modèles d&#8217;architecture&#8221;, 1987, reproduit en noir et blanc pp. 150-151(a similar copy)<br />
Paris, Galerie Artcurial, &#8220;Marino di Teana, sculptures 1960-1987&#8221;, mars-avril 1988, Artcurial, Paris, reproduit en noir et blanc p.13 (a similar copy)<br />
Neuchâtel, Galerie des amis des arts, &#8220;Salon du 150e anniversaire de la société des amis des arts&#8221;, novembre 1992-janvier 1993, reproduit en couleur p.55 (a similar copy)<br />
Paris, Grand Palais, ArtParis, Galerie Michèle Broutta, &#8220;Marino Di Teana, peintures, dessins, sculptures&#8221;, mars-avril 2007 (a similar copy)</p>
